e
Let p(f) = 12*f**2 - f. Suppose -4*m - 6 = 6. Is p(m) a prime number?
False
Let v(f) = -f**2 - 2*f + 5. Let l be v(-4). Is 115/(1 + l + 3) prime?
False
Let d be (7 - 2) + -1*2. Suppose -5*i + 0 + 4 = d*p, -3*p + 4*i = -13. Suppose -2*w = 4*o - 4, -10 = -o + p*w + 5. Is o a composite number?
False
Let x(h) = -3*h**3 + 4*h**3 - 7*h**2 + 3*h + 3*h**2. Let d be x(2). Let s(w) = 17*w**2 + w + 1. Is s(d) prime?
True
Let b(v) = -2*v**3 + 5*v**2 + 5*v + 9. Let o(z) = z**3 - z - 1. Let y(c) = -b(c) - 3*o(c). Let w be y(-5). Suppose -u + w*u = 9. Is u a composite number?
False
Let d = 2 + -3. Let y be d/((-15)/(-9))*-5. Suppose y*f - 35 = 2*f. Is f prime?
False
Let n = 654 - 334. Let a = -117 + n. Is a a composite number?
True
Let s(q) = q**2 + 6*q + 5. Suppose -4*v - 20 = v. Let x be s(v). Let r = 16 + x. Is r prime?
True
Let h be 0 - (-2 - (-1)/(-1)). Let d(l) = l**2 + 1 + l**2 + 2*l**2. Is d(h) composite?
False
Let d(a) = 1801*a**2 + 3*a + 3. Is d(-1) a prime number?
True
Let x(y) = y**2 - 5*y + 7. Is x(8) a composite number?
False
Let h = 3861 + -2635. Is h composite?
True
Let m(u) = -u**3 - u**2 - 6. Let w be m(0). Is (0 - 1) + (110 - w) composite?
True
Suppose 126 = 5*c - 59. Suppose 17 = -x + 1. Let j = c - x. Is j composite?
False
Is ((-6)/(-3) - 5) + 1474 a composite number?
False
Let g be ((-26)/(-3))/(2/12). Suppose 3*i = -l + 16, 2*l + 3*i = i + g. Is l composite?
False
Suppose 4*h + 0*h = 12. Let v be 0/2*3/h. Suppose 3*x + x - 124 = v. Is x composite?
False
Let r be 3/(141/46 - 3). Suppose -v = -b + 2*v + 44, -4*v = -b + r. Is b composite?
True
Suppose -48 = 5*f + 3*s, 5*f + 44 = 2*s - 6*s. Let j = 70 + f. Is j a composite number?
True
Suppose z = -2*z - 3. Let t = z + -2. Let q = t - -9. Is q prime?
False
Suppose -t + 146 = -105. Is t prime?
True
Let r be (-2 - 0) + (10 - 3). Suppose -p + 4*s - 2251 = -6*p, -r*p - 3*s = -2252. Is p composite?
True
Let x(k) = -k**2 + 5*k + 2. Let v be x(5). Let b(i) = 3 + 3*i**3 + 7*i**3 - i - 4. Is b(v) a composite number?
True
Let o = -3 - -6. Let t = 1 - -2. Suppose 0 = o*w + 4*a - 14, -t*w + 3*a = -w - 15. Is w a composite number?
True
Let a be (2 - 6/4)*0. Let i(c) = c**2 + 178. Is i(a) composite?
True
Let q(d) = 30*d**2 + 5*d + 22. Is q(7) a composite number?
True
Let l be (-4)/(-8) + (-5)/(-2). Suppose -l*f + 25 = 2*f. Suppose -2*j - 4*c = -30, -4*c = -3*j - 0*c + f. Is j prime?
True
Let n(v) = v**3 + 15*v**2 + 14*v. Let y be n(-14). Suppose -t - 2*t + o - 24 = y, -3*o = 9. Let g = t + 12. Is g a composite number?
False
Let n(m) = m**2 - 8*m. Let q be n(8). Suppose 0*c - 3*c = 15, -3*w = -2*c - 79. Let s = w - q. Is s a prime number?
True
Is (157/2)/(6/12) composite?
False
Let q(c) = 80*c**3 - c**2 + 2*c + 1. Is q(2) prime?
True
Let w = -3 - -3. Suppose -c + 4*z - 3*z + 4 = w, 2*z - 1 = c. Let u(p) = 2*p + 3. Is u(c) composite?
True
Let p = 0 - 1. Let w = 2 - p. Suppose -110 = -5*t - w*i, 4*i = 3*i. Is t a composite number?
True
Is 5 + -1 + 38/2 prime?
True
Suppose 537 = 4*x - t - 348, 3*t - 439 = -2*x. Is x a prime number?
False
Suppose 0 = 4*g - g - 1329. Let f = -308 + g. Suppose 2*n - 3*r = f, -3*n - n - 5*r + 281 = 0. Is n composite?
True
Let p = 23409 + -6244. Is p a composite number?
True
Let n = -8 - 91. Let q = -65 - n. Is q composite?
True
Suppose -3*l = -5*l + 2. Suppose 2*u + 0 = -2. Is (-13 + (l - u))*-1 composite?
False
Let q be (-66)/(-4)*80/12. Suppose 445 = -5*l + 80. Let h = q + l. Is h a composite number?
False
Let b = -4 + 6. Suppose -5*h = 15, -b*v = -3*h - 13 - 2. Suppose 98 = -l + v*l. Is l composite?
True
Let y(l) = -l**3 + 9*l**2 + l + 10. Is y(8) composite?
True
Let a be 2/(-4) + 76/8. Suppose 0 = 2*w - 2*u + 10, 0*u - a = 3*u. Let f(q) = -q**2 - 12*q + 5. Is f(w) composite?
False
Let z(d) = -d**3 + 3*d**2 + 5*d + 1. Let s be z(4). Suppose 5*t + 123 = 5*h - 2*h, 196 = 4*h + 4*t. Suppose -9 = -s*b + h. Is b prime?
True
Let m = -1776 + 2969. Is m composite?
False
Suppose 2961 = 2*z + 7*z. Is z a prime number?
False
Let r(m) = 119*m**3. Let w be r(-1). Let i = w - 30. Let f = -64 - i. Is f a prime number?
False
Suppose -4*j + 8 = 4*f, 5*f - f = 0. Is (4/j)/(2/79) a prime number?
True
Suppose -2*p - 286 = -4*p. Is p a prime number?
False
Let s(c) = -9*c + 2. Let j be s(-10). Suppose 2*z + 2*z = j. Is z a prime number?
True
Let g = -1 + 3. Suppose 0 = -0*c + g*c - 4. Suppose -3*s - c*s = -785. Is s a prime number?
True
Let k(v) = -v**3 - 10*v**2 - 4*v - 17. Is k(-12) prime?
False
Let g be (-4)/(-22) - 279/(-99). Suppose g*c - 8*c = -1075. Is c a composite number?
True
Let o(w) = 89*w**2 - w - 7. Is o(3) composite?
True
Suppose 0 = 2*d - 0 - 6. Suppose 5*t - d = 12. Suppose -t*s + 445 = 2*s. Is s a prime number?
True
Is (52/10)/(4/10) a prime number?
True
Suppose -2*j = 2*s - 338, j - 5*s = -0*s + 169. Suppose 9*p - 65 = 4*p. Suppose 4*i + p = j. Is i a prime number?
False
Suppose -1 = 2*o - 5. Suppose 0 = o*w - 0*w - 298. Is w composite?
False
Suppose -3*a + 218 = 545. Is (3/(-1) - -2)*a prime?
True
Suppose 2*i = 565 + 219. Suppose -3*w - i = -s, -5*s + 1724 + 217 = 4*w. Is s a composite number?
False
Suppose c - 4*p = -c + 22, 3*p = -5*c + 3. Suppose -c*j + 26 = 4*q, 4*j = -q - 0*j + 13. Suppose q*f - 18 = 2*f. Is f prime?
False
Let k(w) = 3*w. Let q be k(1). Is q + -3 - (2 + -1381) composite?
True
Let o(l) = -l**3 + 4*l**2 + 2*l - 5. Let j be o(4). Let f = j - 1. Suppose -f*q + 68 = -0*q. Is q a composite number?
True
Let l(t) = 5*t**2 - 5. Let j(u) = 11*u**2 + u - 10. Let n(r) = 3*j(r) - 7*l(r). Let z be n(-7). Let q = z + 193. Is q a composite number?
False
Let d(t) = 2*t**2 - 2*t + 2. Let b(l) = -l**2 + 2*l + 2. Let q be b(-2). Is d(q) a prime number?
False
Suppose 6 + 1 = b. Suppose 0 = 2*f - 2*l + b*l - 39, 0 = 5*f - 5*l - 10. Is f a prime number?
True
Suppose 3*z = -z + 2*j + 60, -4*z + 60 = 2*j. Is z a composite number?
True
Suppose 4*z + 4*x - 6732 = 0, x + 8446 = 4*z + 1704. Is z a prime number?
False
Let x(i) = -i**3 + 9*i**2 - i + 5. Let o be x(9). Is (6/(-9))/(o/66) a prime number?
True
Suppose -3*x + 101 = -s + 36, x - 5 = -3*s. Let j = 105 + -63. Let n = j - x. Is n a prime number?
False
Is (0 + 1)*1 - -982 prime?
True
Let z = -1 + 6. Let r = z - 14. Is 2/r + (-1463)/(-63) a composite number?
False
Suppose -2*t + 5*t = 153. Is t prime?
False
Let z be (-1265)/(-7) - 4/(-14). Let i = z + -128. Is i a composite number?
False
Let c(z) = z**2 - 6*z + 5. Let a(k) = 2*k**2 - 12*k + 11. Let m(r) = 6*a(r) - 13*c(r). Let b(q) = -q + 1. Let j be b(-4). Is m(j) a composite number?
True
Let x(i) = i**2 - 6*i + 4. Let a be x(6). Is (a/(-6))/(2/(-57)) a composite number?
False
Suppose s = 4*j - 2*j - 5, -60 = 3*s + 3*j. Is 1 - (6/(-2) + s) composite?
False
Let b(m) = 14*m**2 - 4*m + 2. Let j be b(5). Suppose 5*r - 3*n - j = 0, -2*n + 203 = 3*r - 0*n. Suppose 130 = 5*x - y - r, 5*x = 3*y + 201. Is x prime?
False
Suppose 5*s + 146 = 2*c - 45, -s = 1. Is c a composite number?
True
Let b(v) = v**2. Let c(i) = -i**3 + 4*i**2 - 3*i - 1. Let r be c(3). Let y be b(r). Is (-2)/((4/(-22))/y) prime?
True
Let p = 4 - 1. Suppose 6*g + p*k - 171 = g, 95 = 3*g - 2*k. Is g composite?
True
Suppose -2*f + 45 = 5*d - f, -d + 9 = 4*f. Let m = -5 + d. Suppose m*y = y + 63. Is y a prime number?
False
Is 4*(14086/(-12))/(4/(-6)) a composite number?
False
Let p be 1 - 1 - (-1 - -1). Suppose 5*u = -2*r + 1341, p*r - 3*r + 810 = 3*u. Is u a composite number?
True
Suppose 4*z - 2*l = 1532, l - 1131 = -3*z - 2*l. Is z a composite number?
True
Suppose -7902 = -8*m - m. Is m a prime number?
False
Let u be 0 + 3 + 96 - 3. Let d = u - 38. Is d composite?
True
Let h be 0/3 - 4 - -666. Suppose -h = k - 3*k. Is k prime?
True
Let o be (-82)/(-8) + 3/(-12). Let k = -4 + 4. Suppose r = -3*b + o, 5*r - 5*b + b - 107 = k. Is r composite?
False
Suppose -9 + 39 = -5*n. Is n/4*124/(-6) a composite number?
False
Let d(i) = -i + 11. Let y = 3 + 5. Let g be d(y). Is 5 + (g/3 - 0) composite?
True
Suppose -8*j = -10*j + 6. Suppose 0 = 2*q - j*q + 4*v + 7, -4*q = -v - 13. Is q a prime number?
True
Suppose -2 = -3*o + 10. Suppose -2*l + o*l = 30. Is l a composite number?
True
Let j(q) = -65*q**3 + q**2 - q + 7. Is j(-3) composite?
True
Suppose -20 - 84 = -l. Suppose t - l = -3*t. Is t composite?
True
Is 4/(-1) - (-98 + 